is s(-2)?
-3
Let p(w) = -w**2 + 25*w + 11. Give p(25).
11
Let j(c) = 55*c - 6. What is j(1)?
49
Let o(t) = t**2 - 18*t - 76. What is o(-3)?
-13
Let m(o) = 14*o**2 - 2*o. Calculate m(-1).
16
Let f(s) = 2*s**2 + s - 4. What is f(-2)?
2
Let f(m) = m**2 + 8*m + 7. Calculate f(-7).
0
Let a(v) = v**2 + 8*v + 2. What is a(-5)?
-13
Let p(s) = s**2 + 13*s - 12. Calculate p(-12).
-24
Let q(u) = -6*u - 25. What is q(8)?
-73
Let i(t) = -t**3 + 16*t**2 - t + 10. Calculate i(16).
-6
Let d(h) = 3*h**2 - 56*h - 4. Calculate d(19).
15
Let o(f) = -23*f**3 + f**2 - f + 1. Calculate o(1).
-22
Let f(t) = 6*t - 3. Determine f(-8).
-51
Let g(o) = 3*o - 5. Determine g(-9).
-32
Let j(y) = y - 16. Determine j(-9).
-25
Let h(u) = 4*u**2 + 9*u + 15. Determine h(-3).
24
Let n(i) = i**3 + 50*i**2 + 2*i + 90. Determine n(-50).
-10
Let o(q) = 4*q + 2. Give o(2).
10
Let n(a) = -3*a + 12. Give n(6).
-6
Let b(u) = -u**2 + 13*u - 13. Give b(12).
-1
Let u(o) = -2*o. What is u(2)?
-4
Let o(k) = 2*k**3 - 7*k**2 - 10*k - 6. Calculate o(5).
19
Let t(y) = -y**3 + 11*y**2 - 2*y + 3. Give t(11).
-19
Let g(w) = -w**3 - 5*w**2 + 48*w - 14. What is g(-10)?
6
Let l(d) = -16*d - 35. What is l(-2)?
-3
Let t(s) = -s**3 - 15*s**2 - 6*s + 112. Determine t(-14).
0
Let o(v) = -v**3 + 2*v**2 + 4*v - 6. Calculate o(4).
-22
Let u(h) = h**2 - 3*h - 2. What is u(-6)?
52
Let l(c) = -c**3 - 2*c - 4. What is l(-2)?
8
Let m(i) = -i**2 + 16*i - 10. Calculate m(15).
5
Let w(t) = 2*t**2 + 10*t + 8. What is w(-6)?
20
Let x(s) = s + 20. What is x(13)?
33
Let l(w) = 5*w - 3. What is l(4)?
17
Let v(p) = -p**3 - 8*p**2 + 4*p - 2. Determine v(-4).
-82
Let p(t) = -t**3 + 8*t**2 + 2*t - 11. Give p(8).
5
Let n(w) = -w - 6. Determine n(-5).
-1
Let r(d) = d**3 + 16*d**2 + 13*d - 20. Determine r(-15).
10
Let d(h) = -4*h**2 - 8*h - 18. Give d(-3).
-30
Let s(y) = y**3 + 13*y**2 - 36*y - 79. What is s(-15)?
11
Let x(f) = 2*f**2 - 11*f + 7. Determine x(4).
-5
Let v(d) = -d**2 + 5*d + 27. Calculate v(8).
3
Let m(s) = -2*s**2 - 18*s - 53. Determine m(-7).
-25
Let g(s) = -15*s**3 + 2*s**2 - 1. Determine g(1).
-14
Let y(h) = -h - 10. Calculate y(-5).
-5
Let m(l) = 103*l + 1754. Determine m(-17).
3
Let u(l) = -l**3 + 2*l**2 + l - 10. Give u(4).
-38
Let m(p) = 2*p**2 - 17*p - 9. What is m(8)?
-17
Let i(s) = -s**2 + 4*s - 5. What is i(4)?
-5
Let k(h) = -3*h**2 - 73*h + 23. Give k(-25).
-27
Let n(g) = g**2 - g + 23. What is n(0)?
23
Let c(w) = -10*w - 1. What is c(-1)?
9
Let u(j) = -j + 9. Calculate u(10).
-1
Let c(z) = -11*z - 74. What is c(-7)?
3
Let v(w) = w**3 + 6*w + 3. What is v(-4)?
-85
Let d(a) = a**3 + 4*a**2 - 5*a - 10. Give d(-5).
-10
Let g(h) = -h**3 + 4*h**2 - 4*h + 1. Determine g(3).
-2
Let c(y) = y**2 + 49*y - 1210. Give c(18).
-4
Let y(j) = -j - 11. Give y(8).
-19
Let n(m) = -m**2 - 8*m + 29. Determine n(-10).
9
Let p(q) = 8*q**3 + q**2 - 3*q + 1. Determine p(1).
7
Let w(y) = -70*y + 1746. Calculate w(25).
-4
Let g(j) = j**3 + 24*j**2 + 23*j - 5. Calculate g(-23).
-5
Let i(x) = -x**2 + 16*x - 19. Determine i(13).
20
Let q(s) = -s**3 + 19*s**2 - 7*s + 42. What is q(19)?
-91
Let x(f) = -f**2 - 8*f + 28. Calculate x(-10).
8
Let a(s) = -3*s**2 + 11*s + 3. What is a(6)?
-39
Let h(n) = -30*n + 179. Determine h(7).
-31
Let p(l) = 5*l**3 + 3*l**2 + 3*l - 5. Determine p(1).
6
Let x(d) = -d**3 + 14*d**2 - 12*d - 15. Give x(13).
-2
Let g(n) = -3*n**3 - 3*n**2 + n + 2. Calculate g(3).
-103
Let k(f) = -3*f + 23. Determine k(7).
2
Let v(u) = -u**3 + 4*u**2 + u + 4. Give v(3).
16
Let y(b) = -b**2 - 4*b. What is y(-3)?
3
Let q(j) = j**3 - 6*j**2 - 7*j + 27. Calculate q(6).
-15
Let g(y) = 4*y - 73. Give g(26).
31
Let x(a) = -a**2 + 3*a + 4. Determine x(5).
-6
Let s(f) = -7*f - 1. Give s(-1).
6
Let x(p) = -2*p**2 - p + 9. Calculate x(-3).
-6
Let w(j) = 2*j**2 - 13*j - 1. What is w(3)?
-22
Let r(b) = -2*b - 30. Give r(-23).
16
Let l(u) = u**2 + 29*u + 209. What is l(-17)?
5
Let c(q) = q**2 - 17*q - 47. Determine c(20).
13
Let p(n) = -16*n**3 - n**2 - 2*n - 2. Calculate p(-1).
15
Let c(x) = -x**3 - 9*x**2 - 14*x - 35. Give c(-8).
13
Let t(h) = h**3 - 8*h**2 - 7*h - 16. Determine t(9).
2
Let v(w) = -w**2 + 15*w - 41. Give v(4).
3
Let g(p) = p**2 + 11*p + 12. Calculate g(-9).
-6
Let y(h) = -9*h + 5. Calculate y(7).
-58
Let i(l) = l**3 + 6*l**2 + 8*l + 10. Calculate i(-6).
-38
Let l(b) = -b**3 - 2*b**2 + 6*b + 7. Determine l(-4).
15
Let u(j) = -2*j**3 - 19*j**2 + 12*j + 10. Determine u(-10).
-10
Let i(k) = 4*k - 95. Determine i(25).
5
Let s(p) = -2*p**3 + p - 2. Give s(-2).
12
Let m(a) = -2*a**2 - a + 12. Calculate m(0).
12
Let g(w) = -w**2 - 4*w + 28. Give g(8).
-68
Let m(r) = 3*r + 29. Calculate m(-12).
-7
Let p(h) = 36*h - 6. What is p(0)?
-6
Let l(p) = -2*p**3 + 17*p**2 - 8*p - 4. What is l(8)?
-4
Let u(o) = o - 7. Determine u(9).
2
Let j(b) = -40*b. Calculate j(1).
-40
Let q(b) = -b**3 - 16*b**2 - 3*b - 7. Calculate q(-16).
41
Let z(t) = -t + 11. Calculate z(5).
6
Let b(s) = 60*s - 181. Give b(3).
-1
Let z(t) = -t**2 + t - 6. Give z(0).
-6
Let y(b) = -3*b**2 - b. Determine y(1).
-4
Let p(r) = -9*r**2 - r + 5. Calculate p(2).
-33
Let h(d) = -2*d - 26. Calculate h(-22).
18
Let s(y) = y**3 - 7*y**2 + 13*y - 30. Determine s(6).
12
Let t(u) = -3*u + 81. What is t(24)?
9
Let w(z) = 15*z**2 + 10*z + 13. What is w(-1)?
18
Let t(v) = -2*v**2 + 9*v - 1. Give t(4).
3
Let i(d) = d**2 - 23*d - 10. Give i(11).
-142
Let l(y) = 4*y - 31. Calculate l(11).
13
Let t(p) = -2*p**2 + 20*p - 46. Determine t(5).
4
Let l(d) = d**3 - 8*d**2 + 11*d + 10. Give l(5).
-10
Let l(b) = b**2 - 3*b + 4. What is l(-4)?
32
Let p(h) = 35*h + 80. Give p(-3).
-25
Let u(v) = v**2 + 4*v - 1. Determine u(-6).
11
Let a(n) = -n**3 + 10*n**2 - 9*n + 2. Determine a(9).
2
Let c(i) = 4*i - 15. What is c(-11)?
-59
Let x(l) = 4*l + 24. Calculate x(-7).
-4
Let p(x) = -21*x + 12. Calculate p(-2).
54
Let f(t) = 14*t**2 + t + 1. Give f(-1).
14
Let k(y) = 3*y**2 - 69*y + 62. What is k(22)?
-4
Let j(t) = t**2 - 6*t - 2. Calculate j(10).
38
Let d(z) = 4*z**3 + 3*z + 5. Give d(-2).
-33
Let t(w) = -w**3 - 6*w**2 - 6*w + 18. Give t(-5).
23
Let b(c) = c**3 - 3*c**2 - 5*c - 2. What is b(4)?
-6
Let f(s) = s**2 - 13*s + 7. Calculate f(10).
-23
Let i(m) = -3*m + 2. Give i(-2).
8
Let v(i) = 3*i**2 - 6*i - 5. Determine v(5).
40
Let p(h) = -24*h + 3. Give p(1).
-21
Let s(a) = -8*a - 23. Determine s(-4).
9
Let s(d) = -d**2 - 19*d - 10. Calculate s(-14).
60
Let d(r) = r**3 + 5*r**2 + 2*r - 8. What is d(-4)?
0
Let y(d) = 9*d - 169. Calculate y(18).
-7
Let l(g) = g**3 - 3*g**2 - 4*g + 2. Determine l(4).
2
Let c(n) = 3*n - 3. Calculate c(2).
3
Let p(n) = n**3 + 6*n**2 - 2*n + 5. Calculate p(-4).
45
Let x(y) = 7*y**2 + 1. Give x(1).
8
Let g(n) = -n**3 - 2*n**2 - 2*n. What is g(-3)?
15
Let p(w) = -w**2 - 17*w + 15. Determine p(-18).
-3
Let q(i) = -i**3 - 7*i**2 + 8*i + 7. Determine q(-8).
7
Let b(l) = 10*l**2 - 35*l - 6. What is b(4)?
14
Let u(o) = o**3 - 12*o**2 - 5*o - 15. What is u(12)?
-75
Let u(b) = -b**2 + 16*b - 3. Determine u(13).
36
Let s(x) = -x**2 - 30*x + 86. What is s(-32)?
22
Let u(g) = g + 11. Calculate u(-8).
3
Let u(x) = -x**2 - 2*x + 7. What is u(-3)?
4
Let q(a) = a**2 - 7*a - 12. Calculate q(8).
-4
Let i(t) = 4*t + 134. Give i(-33).
2
Let m(f) = -f**3 - 4*f**2 + 2*f + 6. Determine m(-4).
-2
Let a(q) = -7*q**2 - 46*q + 15. What is a(-7)?
-6
Let d(f) = 77*f**3 + 4*f**2 - 2*f - 4. Calculate d(-1).
-75
Let u(m) = 19*m - 75. Determine u(4).
1
Let a(m) = m**3 - 7*m**2 - 9*m - 3. Determine a(7).
-66
Let a(t) = 6*t - 12. Give a(3).
6
Let y(f) = f**2 + 5. What is y(-2)?
9
Let y(b) = 10*b**3 - 2*b + 3. What is y(1)?
11
Let x(y) = 3*y**3 + 27*y**2 + 6*y - 6. Give x(-9).
-60
Let k(f) = f**3 - 18*f**2 + 81*f - 4. Determine k(10).
6
Let i(o) = -8*o**3 + 2*o - 2. Calculate i(1).
-8
Let n(j) = 2*j + 131. What is n(-33)?
65
Let q(c) = -c**3 - 11*c**2 + 6*c + 74. Calculate q(-11).
8
Let w(v) = -v**3 + 55*v**2 + 59*v - 171. Determine w(56).
-3
Let h(g) = 3*g**2 + 11*g - 29. Give h(4).
63
Let t(m) = m**2 + 8*m - 7. What is t(0)?
-7
Let d(u) = u**2 - 43*u - 937. Determine d(59).
7
Let o(g) = g**2 - 13. Calculate o(-3).
-4
Let g(w) = w**3 + 10*w**2 - 11. Give g(-9).
70
Let p(c) = -5*c**2 + 3. Give p(3).
-42
Let i(b) = 5*b**2 + 3*b - 2. What is i(1)?
6
Let r(k) = -k**3 + 23*k**2 + 25*k + 7. Determine r(24).
